{"id":450,"date":"2023-12-13T18:59:43","date_gmt":"2023-12-13T18:59:43","guid":{"rendered":"https:\/\/aaofp.org.ar\/XXIV\/?page_id=450"},"modified":"2023-12-13T18:59:43","modified_gmt":"2023-12-13T18:59:43","slug":"informacion-general","status":"publish","type":"page","link":"https:\/\/aaofp.org.ar\/XXIV\/informacion-general\/","title":{"rendered":"Informaci\u00f3n general"},"content":{"rendered":"\n<p><strong>Fecha<\/strong><br>El XXIV Congreso Argentino de Otorrinolaringolog\u00eda y Fonoaudiolog\u00eda Pedi\u00e1trica; XX Jornadas de Audiolog\u00eda y Rehabilitaci\u00f3n \u2013 XVIII Jornadas de ORL para Pediatras, tendr\u00e1 lugar los d\u00edas 24 al 26 de mayo de 2024<\/p>\n\n\n\n<p><strong>Sede<\/strong><br>Edificio San Jos\u00e9, Universidad Cat\u00f3lica Argentina<br>Av. Alicia Moreau de Justo 1680<br>Ciudad Aut\u00f3noma de Buenos Aires<\/p>\n\n\n\n<p><strong>Clima<\/strong><br>La temperatura m\u00ednima media para el mes de mayo es de 10, 3\u00ba C y la m\u00e1xima media alrededor de los 19\u00baC <br>Muy linda \u00e9poca para caminar por la ciudad<\/p>\n\n\n\n<p><strong>Secretar\u00eda administrativa, informes e inscripciones pre congreso<\/strong><br> <i class=\"fa-brands fa-whatsapp\"><\/i> +54 9 11 6148-1651<br><i class=\"fa-solid fa-envelope\"><\/i> secretaria@aaofp.org.ar<\/p>\n\n\n\n<p><strong>Secretar\u00eda durante el congreso<\/strong><br>Estar\u00e1 funcionando desde el d\u00eda viernes 24 de mayo a las 08.00 hs. <\/p>\n\n\n\n<p><strong>Idioma<br><\/strong>El idioma oficial del Congreso es el espa\u00f1ol<\/p>\n\n\n\n<p><strong>Traducci\u00f3n simult\u00e1nea<br><\/strong>Las charlas indicadas con la imagen <i class=\"fa-solid fa-headphones\"><\/i> tendr\u00e1n traducci\u00f3n simult\u00e1nea del ingl\u00e9s al espa\u00f1ol<\/p>\n\n\n\n<p><strong>Credenciales<br><\/strong>Ser\u00e1 entregada al momento de acreditarse en la Secretar\u00eda.<br>Deber\u00e1 ser llevada constantemente en un lugar visible para permitir el acceso a la<br>exposici\u00f3n comercial y a las sesiones cient\u00edficas<\/p>\n\n\n\n<p><strong>Control de accesos<br><\/strong>La asistencia a las distintas actividades ser\u00e1 controlada mediante el sistema electr\u00f3nico por c\u00f3digo de barras, debiendo cumplir un m\u00ednimo de horas C\u00e1tedra para la obtenci\u00f3n del certificado y cr\u00e9ditos.<\/p>\n\n\n\n<p><strong>Cr\u00e9ditos a los Asistentes<br><\/strong>La Comisi\u00f3n de acreditaci\u00f3n de residencias, formaci\u00f3n profesional de la Federaci\u00f3n Argentina de Sociedades de Otorrinolaringolog\u00eda (FASO) ha decidido otorgar 10 cr\u00e9ditos para los asistentes al XXIV Congreso Argentino de ORL y Fg\u00eda Pedi\u00e1trica, que podr\u00e1n ser utilizados para la recertificaci\u00f3n profesional<\/p>\n\n\n\n<p><strong>Becas de Inscripci\u00f3n<br><\/strong>Recuerde que para acceder a su beca de inscripci\u00f3n deber\u00e1 ser miembro de la AAOFP y estar con su cuota al d\u00eda<\/p>\n","protected":false},"excerpt":{"rendered":"<p>FechaEl XXIV Congreso Argentino de Otorrinolaringolog\u00eda y Fonoaudiolog\u00eda Pedi\u00e1trica; XX Jornadas de Audiolog\u00eda y Rehabilitaci\u00f3n \u2013 XVIII Jornadas de ORL&hellip; <\/p>\n","protected":false},"author":1,"featured_media":431,"parent":0,"menu_order":0,"comment_status":"closed","ping_status":"closed","template":"","meta":{"footnotes":""},"_links":{"self":[{"href":"https:\/\/aaofp.org.ar\/XXIV\/wp-json\/wp\/v2\/pages\/450"}],"collection":[{"href":"https:\/\/aaofp.org.ar\/XXIV\/wp-json\/wp\/v2\/pages"}],"about":[{"href":"https:\/\/aaofp.org.ar\/XXIV\/wp-json\/wp\/v2\/types\/page"}],"author":[{"embeddable":true,"href":"https:\/\/aaofp.org.ar\/XXIV\/wp-json\/wp\/v2\/users\/1"}],"replies":[{"embeddable":true,"href":"https:\/\/aaofp.org.ar\/XXIV\/wp-json\/wp\/v2\/comments?post=450"}],"version-history":[{"count":1,"href":"https:\/\/aaofp.org.ar\/XXIV\/wp-json\/wp\/v2\/pages\/450\/revisions"}],"predecessor-version":[{"id":452,"href":"https:\/\/aaofp.org.ar\/XXIV\/wp-json\/wp\/v2\/pages\/450\/revisions\/452"}],"wp:featuredmedia":[{"embeddable":true,"href":"https:\/\/aaofp.org.ar\/XXIV\/wp-json\/wp\/v2\/media\/431"}],"wp:attachment":[{"href":"https:\/\/aaofp.org.ar\/XXIV\/wp-json\/wp\/v2\/media?parent=450"}],"curies":[{"name":"wp","href":"https:\/\/api.w.org\/{rel}","templated":true}]}}

Información general

<p><strong>Fecha</strong><br>El XXIV Congreso Argentino de Otorrinolaringología y Fonoaudiología Pediátrica; XX Jornadas de Audiología y Rehabilitación – XVIII Jornadas de ORL para Pediatras, tendrá lugar los días 24 al 26 de mayo de 2024</p>



<p><strong>Sede</strong><br>Edificio San José, Universidad Católica Argentina<br>Av. Alicia Moreau de Justo 1680<br>Ciudad Autónoma de Buenos Aires</p>



<p><strong>Clima</strong><br>La temperatura mínima media para el mes de mayo es de 10, 3º C y la máxima media alrededor de los 19ºC <br>Muy linda época para caminar por la ciudad</p>



<p><strong>Secretaría administrativa, informes e inscripciones pre congreso</strong><br> <i class="fa-brands fa-whatsapp"></i> +54 9 11 6148-1651<br><i class="fa-solid fa-envelope"></i> secretaria@aaofp.org.ar</p>



<p><strong>Secretaría durante el congreso</strong><br>Estará funcionando desde el día viernes 24 de mayo a las 08.00 hs. </p>



<p><strong>Idioma<br></strong>El idioma oficial del Congreso es el español</p>



<p><strong>Traducción simultánea<br></strong>Las charlas indicadas con la imagen <i class="fa-solid fa-headphones"></i> tendrán traducción simultánea del inglés al español</p>



<p><strong>Credenciales<br></strong>Será entregada al momento de acreditarse en la Secretaría.<br>Deberá ser llevada constantemente en un lugar visible para permitir el acceso a la<br>exposición comercial y a las sesiones científicas</p>



<p><strong>Control de accesos<br></strong>La asistencia a las distintas actividades será controlada mediante el sistema electrónico por código de barras, debiendo cumplir un mínimo de horas Cátedra para la obtención del certificado y créditos.</p>



<p><strong>Créditos a los Asistentes<br></strong>La Comisión de acreditación de residencias, formación profesional de la Federación Argentina de Sociedades de Otorrinolaringología (FASO) ha decidido otorgar 10 créditos para los asistentes al XXIV Congreso Argentino de ORL y Fgía Pediátrica, que podrán ser utilizados para la recertificación profesional</p>



<p><strong>Becas de Inscripción<br></strong>Recuerde que para acceder a su beca de inscripción deberá ser miembro de la AAOFP y estar con su cuota al día</p>

<p>FechaEl XXIV Congreso Argentino de Otorrinolaringología y Fonoaudiología Pediátrica; XX Jornadas de Audiología y Rehabilitación – XVIII Jornadas de ORL&hellip; </p>
