{"id":493,"date":"2023-12-21T15:31:57","date_gmt":"2023-12-21T15:31:57","guid":{"rendered":"https:\/\/aaofp.org.ar\/XXIV\/?page_id=493"},"modified":"2023-12-21T15:31:57","modified_gmt":"2023-12-21T15:31:57","slug":"simposios-de-implante-coclear","status":"publish","type":"page","link":"https:\/\/aaofp.org.ar\/XXIV\/simposios-de-implante-coclear\/","title":{"rendered":"Simposios de Implante Coclear"},"content":{"rendered":"\n<p>Pr\u00f3ximamente m\u00e1s informaci\u00f3n<\/p>\n","protected":false},"excerpt":{"rendered":"<p>Pr\u00f3ximamente m\u00e1s informaci\u00f3n<\/p>\n","protected":false},"author":1,"featured_media":473,"parent":0,"menu_order":0,"comment_status":"closed","ping_status":"closed","template":"","meta":{"footnotes":""},"_links":{"self":[{"href":"https:\/\/aaofp.org.ar\/XXIV\/wp-json\/wp\/v2\/pages\/493"}],"collection":[{"href":"https:\/\/aaofp.org.ar\/XXIV\/wp-json\/wp\/v2\/pages"}],"about":[{"href":"https:\/\/aaofp.org.ar\/XXIV\/wp-json\/wp\/v2\/types\/page"}],"author":[{"embeddable":true,"href":"https:\/\/aaofp.org.ar\/XXIV\/wp-json\/wp\/v2\/users\/1"}],"replies":[{"embeddable":true,"href":"https:\/\/aaofp.org.ar\/XXIV\/wp-json\/wp\/v2\/comments?post=493"}],"version-history":[{"count":1,"href":"https:\/\/aaofp.org.ar\/XXIV\/wp-json\/wp\/v2\/pages\/493\/revisions"}],"predecessor-version":[{"id":494,"href":"https:\/\/aaofp.org.ar\/XXIV\/wp-json\/wp\/v2\/pages\/493\/revisions\/494"}],"wp:featuredmedia":[{"embeddable":true,"href":"https:\/\/aaofp.org.ar\/XXIV\/wp-json\/wp\/v2\/media\/473"}],"wp:attachment":[{"href":"https:\/\/aaofp.org.ar\/XXIV\/wp-json\/wp\/v2\/media?parent=493"}],"curies":[{"name":"wp","href":"https:\/\/api.w.org\/{rel}","templated":true}]}}