{"id":517,"date":"2024-02-23T00:03:18","date_gmt":"2024-02-23T00:03:18","guid":{"rendered":"https:\/\/aaofp.org.ar\/XXIV\/?page_id=517"},"modified":"2024-05-15T22:21:03","modified_gmt":"2024-05-15T22:21:03","slug":"invitados-nacionales","status":"publish","type":"page","link":"https:\/\/aaofp.org.ar\/XXIV\/invitados-nacionales\/","title":{"rendered":"Invitados Nacionales"},"content":{"rendered":"\n<p>Lic. Mar\u00eda del Valle Abraham<br>Dr. Ariel Achaval<br>Dr. Lautaro Acosta<br>Sr. Lucas Adlerstein<br>Lic. Flavia Alimen<br>Lic. Marisol Alvarez<br>Dra. Elena Arias<br>Lic. Liliana Arjona<br>Lic. Soledad Badel<br>Prof. Marcela Barros<br>Dr. Pablo Barvosa<br>Dr. Patricio Bellia Munz\u00f3n<br>Dr. Gast\u00f3n Bellia Munz\u00f3n<br>Dr. Esteban Bercellini<br>Dra. Carolina Binetti<br>Lic. Karina Blanco<br>Dr. Carlos Boccio<br>Dr. Lucas Bordino<br>Lic. Eliana Bonazzola<br>Lic. Silvia Breuning<br>Lic. Andrea Burgue\u00f1o<br>Dr. Eduardo Busto<br>Dra. Estefany Caceres<br>Dr. Ernesto Cafaro<br>Ing. Matias Cardozo<br>Dra. Salom\u00e9 Cardozo<br>Ing. Valent\u00edn Carrera<br>Dra. Sandra Carrera Fern\u00e1ndez<br>Dra. Bianca Carreras<br>Lic. Marta Casad\u00f3<br>Dra. Fernanda Castro Maggi<br>Dr. Luis Chinski<br>Dr. Hern\u00e1n Chinski<br>Dr. Alberto Cicer\u00e1n<br>Dr. Alejandro Cocciaglia<br>Dra. Daniela Cohen<br>Lic. Jorgelina Colombo<br>Lic. Lorena Contocich<br>Dr. Leopoldo Cordero<br>Lic. Mar\u00eda Pia Coscueta<br>Dra. Agustina Cottini<br>Dra. Giselle Cuestas<br>Dra. Stella Cuevas<br>Dr. Vicente Curcio<br>Dr. Carlos Curet<br>Dr. Juan Curi<br>Dr. Diego Dal Maso<br>Dra. Viviana Dalamon<br>Lic. Mar\u00eda Dalmasso<br>Dr. Gabriel Damiano<br>Dr. Daniel De La Torre Diamante<br>Lic. Valeria De Luca<br>Dr. Jos\u00e9 De Prado<br>Lic. Virginia Della Mea<br>Dra. Mar\u00eda Victoria Demarchi<br>Dra. Mar\u00eda Alicia Denegri<br>Dra. In\u00e9s Denzler<br>Lic. Leticia Diamante<br>Prof. Gabriela Diamante<br>Dr. Vicente Diamante<br>Lic. Gabriela Dotto<br>Dr. Alejandro Espinosa<br>Dra. Patricia Faletty<br>Lic. Ana Elisa Falistocco<br>Lic. Karina Fanelly<br>Dra. Virginia Fano<br>Dr. Luis Fauque<br>Dra. Paola Femia<br>Dra. Florencia Fern\u00e1ndez<br>Lic. Gladys Fern\u00e1ndez de Soto<br>Dr. Roberto Ferrero<br>Dr. Eduardo Figueroa<br>Dr. Miguel Floria<br>Lic. Paula Font<br>Lic. Andrea Fontana<br>Dra. Mart\u00edn Fontana<br>Lic. Andrea Frechino<br>Fga.LSLS Cert.AVT Hilda Furmanski<br>Dra. Paula Gabald\u00f3n Mass\u00e9<br>Lic. Cert. TAV Marcela Garrido<br>Lic. Mar\u00eda Marta Gebara<br>Lic. Elisa Giraudo<br>Dra. Mariela Gonz\u00e1lez Areces<br>Dra. Graciela Gonz\u00e1lez Franco<br>Dra. Emilia Gonz\u00e1lez Macchi<br>Lic. Sandra Graizer<br>Lic. Ver\u00f3nica Grande<br>Dra. Adriana Granson<br>Lic. Sabrina Greve<br>Dra. Gabriela Grinstein<br>Mgr. Javiera Herrada Andrioli<br>Dr. Eduardo Hocsman<br>Lic. Florencia Ibarra<br>Dr. Cristian Ingratta<br>Lic. Valeria Jantus<br>Lic. Mercedes Jerez<br>Dra. Mar\u00eda Soledad Ju\u00e1rez<br>Lic. Leonor Kibrik<br>Dra. Tamara Kreindel<br>Dra. Geraldine Labedz<br>Dra. Agustina Lagioia<br>Dra. Fernanda Ledesma<br>Lic. Mariana Leist<br>Dra. Vivian Leske<br>Dr. Alejo Linares Casas<br>Dr. Leandro Loi\u00e1cono<br>Dr. Sebasti\u00e1n L\u00f3pez<br>Lic. Mara Luque<br>Dr. Manuel Magar\u00f3<br>Dra. Ver\u00f3nica Maggio<br>Lic. Jorgelina Makaric<br>Lic. Myriam Mansilla<br>Dr. Diego Marcomini<br>Dr. Ren\u00e9 M\u00e1rquez<br>Dr. Fabricio Mart\u00ednez<br>Lic. Nancy Martinian<br>Dra. Andrea Martins<br>Lic. Cert. TAV Maki Massone<br>Lic. Silvia Mastroianni Pinto<br>Lic. Cristina Medina<br>Dr. Juli\u00e1n Michalski<br>Dr. Rodrigo Molachino<br>Dr. Eduardo Moreno Vivot<br>Dra. Natalia M\u00fcller<br>Dr. Fernando Murcia<br>Lic. Marcela Musso<br>Dra. Anal\u00eda Nicassio<br>Dra. Gabriela Obreg\u00f3n<br>Dra. Paula Ontivero<br>Dr. Daniel Orfila<br>Dra. Silvana Orlando<br>Lic. Jorgelina Pacham\u00e9<br>Lic. Norma Pallares<br>Dra. Bibiana Paoli<br>Dr. Santiago Paredes<br>Lic. Anabella Parente<br>Dra. Cecilia Pastore<br>Dra. Marta Patrucco<br>Dr. Paolo Pegoraro<br>Dr. Fabricio Penida<br>Dra. Magdalena Peralta<br>Dra. Carla Pereyra<br>Dra. Ver\u00f3nica P\u00e9rez<br>Dra. Cinthia P\u00e9rez<br>Dr. Daniel P\u00e9rez Gramajo<br>Dra. Gabriela P\u00e9rez Raffo<br>Dr. Sebasti\u00e1n Picciafuocco<br>Dra. Vanina Pisa<br>Dra. Patricia Portillo Mazal<br>Lic. Mar\u00eda Eugenia Prieto<br>Dra. Valentina Proietti<br>Dra. Laura Quantin<br>Dra. Zaida Ram\u00edrez<br>Dr. Juan Razetti<br>Dra. Ver\u00f3nica Rodr\u00edguez<br>Dr. Hugo Rodr\u00edguez<br>Dr. Agust\u00edn Rodr\u00edguez D\u00b4Aquila<br>Dr. M\u00e1ximo Rodr\u00edguez D\u00b4Aquila<br>Dr. Dar\u00edo Roitman<br>Dra. Mar\u00eda Fernanda Romano Luna<br>Dr. Fernando Romero Orellano<br>Dra. Magdalena Roques Revol<br>Dra. Marina Rosende<br>Dr. Carlos Ruggeri<br>Lic. Valeria Sabina<br>Dra. Silvana Salda\u00f1a<br>Dra. Mar\u00eda Laura Scatolini<br>Dra. Candelaria Serrano<br>Lic. Liliana Sigal<br>Lic. Mar\u00eda \u00c1ngela Silva<br>Lic. Viviana Slupski<br>Dra. Patricia Sommerfleck<br>Lic. Mar\u00eda Emilia Soria<br>Dra. Roxana Spini<br>Dra. Romina Stawski<br>Lic. Silvana Stegelmann<br>Dr. Guillermo Stipech<br>Dr. Marcelo Sztajn<br>Lic. Ana Beatriz Tamashiro<br>Lic.Cert.AVT Silvana Tedesco<br>Dra. Liliana Tiberti<br>Dr. Guillermo Tohus<br>Dr. Agust\u00edn Trentadue<br>Dra. Julia Udaquiola<br>Lic. Lorena Valenzuela<br>Dra. Carina Valeriani<br>Dra. Andrea Valerio<br>Lic. Josefina Vera<br>Dra. Melisa Victoria<br>Lic. Patricia Villalba<br>Lic. Katie Viquiera<br>Lic. Fabiana Wilder<br>Dr. Enrique Zamar<br>Dr. Adri\u00e1n Zanetta<br>Dr. Mario Zernotti<br>Dra. Paula Zito<\/p>\n","protected":false},"excerpt":{"rendered":"<p>Lic. Mar\u00eda del Valle AbrahamDr. Ariel AchavalDr. Lautaro AcostaSr. Lucas AdlersteinLic. Flavia AlimenLic. Marisol AlvarezDra. Elena AriasLic. Liliana ArjonaLic. Soledad&hellip; <\/p>\n","protected":false},"author":1,"featured_media":0,"parent":0,"menu_order":0,"comment_status":"closed","ping_status":"closed","template":"","meta":{"footnotes":""},"_links":{"self":[{"href":"https:\/\/aaofp.org.ar\/XXIV\/wp-json\/wp\/v2\/pages\/517"}],"collection":[{"href":"https:\/\/aaofp.org.ar\/XXIV\/wp-json\/wp\/v2\/pages"}],"about":[{"href":"https:\/\/aaofp.org.ar\/XXIV\/wp-json\/wp\/v2\/types\/page"}],"author":[{"embeddable":true,"href":"https:\/\/aaofp.org.ar\/XXIV\/wp-json\/wp\/v2\/users\/1"}],"replies":[{"embeddable":true,"href":"https:\/\/aaofp.org.ar\/XXIV\/wp-json\/wp\/v2\/comments?post=517"}],"version-history":[{"count":2,"href":"https:\/\/aaofp.org.ar\/XXIV\/wp-json\/wp\/v2\/pages\/517\/revisions"}],"predecessor-version":[{"id":646,"href":"https:\/\/aaofp.org.ar\/XXIV\/wp-json\/wp\/v2\/pages\/517\/revisions\/646"}],"wp:attachment":[{"href":"https:\/\/aaofp.org.ar\/XXIV\/wp-json\/wp\/v2\/media?parent=517"}],"curies":[{"name":"wp","href":"https:\/\/api.w.org\/{rel}","templated":true}]}}